{"id":1779,"date":"2019-05-16T09:19:11","date_gmt":"2019-05-16T08:19:11","guid":{"rendered":"http:\/\/test.motz.de\/wp4\/?page_id=1779"},"modified":"2020-01-08T15:00:36","modified_gmt":"2020-01-08T14:00:36","slug":"drucker","status":"publish","type":"page","link":"https:\/\/test.motz.de\/wp4\/privatkunden\/drucker\/","title":{"rendered":"Drucker"},"content":{"rendered":"<p>Drucker sind heutzutage nicht mehr wegzudenken und entwickeln sich immer mehr zu Allesk\u00f6nnern. Sie sind nicht nur in Unternehmen zu finden, sondern auch in s\u00e4mtlichen \u00f6ffentlichen Einrichtungen, Schulen und Privathaushalten.<\/p>\n<p>Doch was ist wichtig und was muss man beachten, wenn man einen Drucker kauft?<\/p>\n<p>Dabei sind viele Faktoren zu beachten:<br \/>\nWie viele Seiten drucke ich im Monat?<br \/>\nWelche Funktionen muss der Drucker besitzen?<br \/>\nWie m\u00f6chte ich Drucken? (WIFI &amp; Kabel)<br \/>\nWelche Art von Drucker ist geeignet f\u00fcr mich?<br \/>\nWieviel Papier muss in die Kassetten passen?<br \/>\nWelche Folgekosten kommen auf mich zu?<\/p>\n<p>Diese Fragen sind essentiell wichtig f\u00fcr die Auswahl des passenden Druckers. Wir beraten Sie gerne.<br \/>\nDes Weiteren bieten wir Wartung, Reparatur und Reinigung f\u00fcr Ihre Drucker an.<\/p>\n<p><\/p>\n<h2>Etikettendrucker<\/h2>\n<p>Etikettendrucker sind speziell zum Bedrucken individueller Etiketten ausgelegt.<br \/>\nSie werden in der Industrie und Handel zur Kennzeichnung verschiedenster Produkte, Maschinen oder Verpackungen eingesetzt. Ihre Einsatzm\u00f6glichkeiten sind individuell. Die Kennzeichnung erfolgt in unterschiedlichen Bereichen, wie z.B. Logistik und Produktion.<br \/>\nDadurch sind sie vielf\u00e4ltig einsetzbar und m\u00fcssen sich den jeweiligen Umgebungen anpassen. Ein robustes, hitze- oder auch k\u00e4ltebest\u00e4ndiges und leicht zu reinigendes Geh\u00e4use ist daher Voraussetzung.<br \/>\nWas ist ausschlaggebend f\u00fcr den Kauf eines Etikettendruckers?<br \/>\n&#8211;\tF\u00fcr welches Einsatzgebiet wird der Drucker eingesetzt?<br \/>\n&#8211;\tWelche Schnittstellen sollte er haben (USB, WLAN, etc.)?<br \/>\n&#8211;\tWie hoch ist das Druckvolumen\/wie viele Etiketten werden pro Tag gedruckt?<br \/>\n&#8211;\tWelche H\u00f6he und Breite haben die zu bedruckenden Etiketten?<br \/>\n&#8211;\tWelcher Druck ist von Vorteil (Thermodirektdruck, Thermotransferdruck)?<br \/>\n&#8211;\tWelche Druckaufl\u00f6sung soll erreicht werden?<br \/>\n&#8211;\tWelcher Umgebung ist er ausgesetzt (Hitze, K\u00e4lte, Feuchtigkeit, etc.)?<br \/>\n&#8211;\tSoll er transportf\u00e4hig sein oder fest integriert werden?<br \/>\nAll diese Fragen k\u00f6nnen wir Ihnen gerne bei einem pers\u00f6nlichen Gespr\u00e4ch beantworten und Sie bei der Wahl eines Etikettendruckers beraten. <\/p>\n","protected":false},"excerpt":{"rendered":"<p>Drucker sind heutzutage nicht mehr wegzudenken und entwickeln sich immer mehr zu Allesk\u00f6nnern. Sie sind nicht nur in Unternehmen zu finden, sondern auch in s\u00e4mtlichen \u00f6ffentlichen Einrichtungen, Schulen und Privathaushalten. Doch was ist wichtig und was muss man beachten, wenn man einen Drucker kauft? Dabei sind viele Faktoren zu beachten: Wie viele Seiten drucke ich [&hellip;]<\/p>\n","protected":false},"author":1,"featured_media":1863,"parent":1700,"menu_order":3,"comment_status":"closed","ping_status":"closed","template":"","meta":{"footnotes":""},"class_list":["post-1779","page","type-page","status-publish","has-post-thumbnail","hentry"],"_links":{"self":[{"href":"https:\/\/test.motz.de\/wp4\/wp-json\/wp\/v2\/pages\/1779","targetHints":{"allow":["GET"]}}],"collection":[{"href":"https:\/\/test.motz.de\/wp4\/wp-json\/wp\/v2\/pages"}],"about":[{"href":"https:\/\/test.motz.de\/wp4\/wp-json\/wp\/v2\/types\/page"}],"author":[{"embeddable":true,"href":"https:\/\/test.motz.de\/wp4\/wp-json\/wp\/v2\/users\/1"}],"replies":[{"embeddable":true,"href":"https:\/\/test.motz.de\/wp4\/wp-json\/wp\/v2\/comments?post=1779"}],"version-history":[{"count":9,"href":"https:\/\/test.motz.de\/wp4\/wp-json\/wp\/v2\/pages\/1779\/revisions"}],"predecessor-version":[{"id":1927,"href":"https:\/\/test.motz.de\/wp4\/wp-json\/wp\/v2\/pages\/1779\/revisions\/1927"}],"up":[{"embeddable":true,"href":"https:\/\/test.motz.de\/wp4\/wp-json\/wp\/v2\/pages\/1700"}],"wp:featuredmedia":[{"embeddable":true,"href":"https:\/\/test.motz.de\/wp4\/wp-json\/wp\/v2\/media\/1863"}],"wp:attachment":[{"href":"https:\/\/test.motz.de\/wp4\/wp-json\/wp\/v2\/media?parent=1779"}],"curies":[{"name":"wp","href":"https:\/\/api.w.org\/{rel}","templated":true}]}}