{"id":1777,"date":"2019-05-16T09:18:50","date_gmt":"2019-05-16T08:18:50","guid":{"rendered":"http:\/\/test.motz.de\/wp4\/?page_id=1777"},"modified":"2020-01-13T14:48:02","modified_gmt":"2020-01-13T13:48:02","slug":"client-pcs","status":"publish","type":"page","link":"https:\/\/test.motz.de\/wp4\/privatkunden\/client-pcs\/","title":{"rendered":"Client L\u00f6sungen"},"content":{"rendered":"<p>Die Ausstattungsmerkmale eines Computers sind bei jedem Kunden unterschiedlich, wodurch man vor dem Kauf folgende Fragen beantworten muss:<br \/>\n&#8211; Welche Speicherkapazit\u00e4t (Festplatte) ben\u00f6tigt der Computer?<br \/>\n&#8211; Welche Grafikkarte ben\u00f6tigt man f\u00fcr die Anwendungen?<br \/>\n&#8211; Wie viel Arbeitsspeicher ist n\u00f6tig, damit die Anwendungen reibungslos laufen?<br \/>\n&#8211; Welche Schnittstellen ben\u00f6tigt man, um weitere Komponenten zu verbinden?<br \/>\n&#8211; Welches Betriebssystem wird ben\u00f6tigt?<br \/>\n&#8211; F\u00fcr welches Anwendungsfeld wird der Computer ben\u00f6tigt (Arbeitsplatz \/ CAD)?<\/p>\n<p>Diese Fragen sind wichtig, damit der Computer richtig eingesetzt und in die vorhandene Infrastruktur integriert werden kann.<br \/>\nWir beraten Sie gerne und erarbeiten mit Ihnen zusammen die beste L\u00f6sung, um Ihre Infrastruktur im Zeitalter der Digitalisierung immer auf dem neusten Stand zu halten. Die Anschaffung neuer Hardware setzt den ersten Meilenstein Ihr Unternehmen zuk\u00fcnftig wettbewerbsf\u00e4higer zu machen.<\/p>\n<h3>Multimedia<\/h3>\n<p>Multimedia umfasst alle technischen Systeme, die eine gleichzeitige Verarbeitung, Speicherung, \u00dcbertragung und Darstellung von Daten mehrerer Medien erm\u00f6glichen, die Bedingung ist, dass die Medien unterschiedlich codiert sein m\u00fcssen. Der steigende Bedarf an neuen, verbesserten Verfahren und Systemen treibt die Entwicklungen im Bereich der Multimedia stark an. Die Motz-Computer GmbH ist spezialisiert im Bereich der Multimediasysteme und hilft Ihnen das geeignete System zu finden, sei es f\u00fcr Ihr Unternehmen, f\u00fcr Ihre Bildungseinrichtung oder f\u00fcr den privaten Nutzen. Bei einem pers\u00f6nlichen Gespr\u00e4ch k\u00f6nnen wir uns einen genauen \u00dcberblick verschaffen, welche Medien gebraucht werden und k\u00fcmmern uns daraufhin um die Planung und Installation.<br \/>\nZu Multimedia geh\u00f6rt:<br \/>\n&#8211;\tHardware<br \/>\n&#8211;\tBetriebssysteme<br \/>\n&#8211;\tNetzwerke<br \/>\n&#8211;\tOptische Datenspeicher<br \/>\n&#8211;\tAudioger\u00e4te<br \/>\nDer Bereich Multimedia wird auch in der Zukunft von starker Bedeutung sein und sich st\u00e4ndig weiterentwickeln. Wenn Sie auf dem aktuellen Stand sein m\u00f6chten, Interesse oder Fragen haben, kontaktieren Sie uns, wir unterst\u00fctzen Sie gerne.<\/p>\n<h3>Scanner<\/h3>\n<p>Scanner gibt es mittlerweile in jedem Gesch\u00e4ftsbereich.<\/p>\n<p>Von Druckern mit einer Scanfunktion f\u00fcr den privaten Gebrauch, Dokumentenscanner f\u00fcr \u00f6ffentliche Einrichtung und Betriebe, Scanner zum Erfassen von Bauteilen, um diese in die 3D Ansicht zu bringen bis zu Handscannern f\u00fcr Logistikunternehmen und Fertigungshallen.<\/p>\n<p>Dabei erf\u00fcllen Sie alle dieselbe Aufgabe, Scan bedeutet nichts anderes als Abtasten. Diese verschiedenen Scanprodukte tasten ein Produkt ab, um es digital zu erfassen, Informationen aus einem Barcode zu erhalten oder Gegenst\u00e4nde zu visualisieren.<\/p>\n<p>Wir bieten Ihnen eine Vielzahl von Produkten f\u00fchrender Hersteller, um Sie bestm\u00f6glich ausstatten und beraten zu k\u00f6nnen.<br \/>\nSollten wir Ihr Interesse geweckt haben, melden Sie sich unter den unten stehenden Kontaktdaten, wir stehen Ihnen jederzeit zur Verf\u00fcgung.<br \/>\n<\/p>\n<h3>Kassensysteme<\/h3>\n<p>Kassensysteme, auch POS-Systeme genannt, sind keine neue Erfindung, trotzdem passen sie sich immer mehr der Digitalisierung an. Kassensysteme sind aus Unternehmen, Gesch\u00e4ften und dem Einzelhandel nicht mehr wegzudenken. Zwischen den Kassensystemen gibt es jedoch Unterschiede.<\/p>\n<p>Viele Kassensysteme sind auf spezielle Kundengruppen zugeschnitten. Dabei gibt es Unterschiede bei der Verwaltung, Abrechnung, Anzahl und Gr\u00f6\u00dfe des Systems. Damit Sie das passende Kassensystem f\u00fcr Ihren Unternehmen finden, beraten wir Sie gerne.<\/p>\n","protected":false},"excerpt":{"rendered":"<p>Die Ausstattungsmerkmale eines Computers sind bei jedem Kunden unterschiedlich, wodurch man vor dem Kauf folgende Fragen beantworten muss: &#8211; Welche Speicherkapazit\u00e4t (Festplatte) ben\u00f6tigt der Computer? &#8211; Welche Grafikkarte ben\u00f6tigt man f\u00fcr die Anwendungen? &#8211; Wie viel Arbeitsspeicher ist n\u00f6tig, damit die Anwendungen reibungslos laufen? &#8211; Welche Schnittstellen ben\u00f6tigt man, um weitere Komponenten zu verbinden? &#8211; [&hellip;]<\/p>\n","protected":false},"author":1,"featured_media":0,"parent":1700,"menu_order":2,"comment_status":"closed","ping_status":"closed","template":"","meta":{"footnotes":""},"class_list":["post-1777","page","type-page","status-publish","hentry"],"_links":{"self":[{"href":"https:\/\/test.motz.de\/wp4\/wp-json\/wp\/v2\/pages\/1777","targetHints":{"allow":["GET"]}}],"collection":[{"href":"https:\/\/test.motz.de\/wp4\/wp-json\/wp\/v2\/pages"}],"about":[{"href":"https:\/\/test.motz.de\/wp4\/wp-json\/wp\/v2\/types\/page"}],"author":[{"embeddable":true,"href":"https:\/\/test.motz.de\/wp4\/wp-json\/wp\/v2\/users\/1"}],"replies":[{"embeddable":true,"href":"https:\/\/test.motz.de\/wp4\/wp-json\/wp\/v2\/comments?post=1777"}],"version-history":[{"count":5,"href":"https:\/\/test.motz.de\/wp4\/wp-json\/wp\/v2\/pages\/1777\/revisions"}],"predecessor-version":[{"id":1937,"href":"https:\/\/test.motz.de\/wp4\/wp-json\/wp\/v2\/pages\/1777\/revisions\/1937"}],"up":[{"embeddable":true,"href":"https:\/\/test.motz.de\/wp4\/wp-json\/wp\/v2\/pages\/1700"}],"wp:attachment":[{"href":"https:\/\/test.motz.de\/wp4\/wp-json\/wp\/v2\/media?parent=1777"}],"curies":[{"name":"wp","href":"https:\/\/api.w.org\/{rel}","templated":true}]}}