{"id":1771,"date":"2019-05-16T09:12:29","date_gmt":"2019-05-16T08:12:29","guid":{"rendered":"http:\/\/test.motz.de\/wp4\/?page_id=1771"},"modified":"2019-08-20T09:34:06","modified_gmt":"2019-08-20T08:34:06","slug":"dsgvo","status":"publish","type":"page","link":"https:\/\/test.motz.de\/wp4\/geschaeftskunden\/dsgvo\/","title":{"rendered":"DSGVO"},"content":{"rendered":"<p>Die Datenschutz-Grundverordnung kurz \u201eDSGVO\u201c ist eine Verordnung der Europ\u00e4ischen Union mit der die Regeln zur Verarbeitung Personen bezogener Daten durch die meisten Datennutzer, sowohl privat als auch \u00f6ffentlich EU-weit vereinheitlicht werden soll. Dadurch soll der Schutz der personenbezogenen Daten, sowie der freie Datenverkehr in der EU gew\u00e4hrleistet werden. Diese Regelung betrifft den privaten Sektor, aber \u00fcberwiegend die Beh\u00f6rden und Betriebe.<\/p>\n<p>Wir bieten Ihnen mit unserem geschulten Personal den Grundstein f\u00fcr den gesetztestreuen Umgang mit personenbezogenen Daten. Wir beraten Sie und planen mit Ihnen zusammen ein Konzept, welches Sie in Ihrem Unternehmen integrieren und somit DSGVO-konforme Datenverarbeitung betreiben k\u00f6nnen.<\/p>\n<p>Hierf\u00fcr bieten wir Ihnen den umfassenden Service und unterst\u00fctzen Sie jederzeit bei Fragen und Problemen.<\/p>\n","protected":false},"excerpt":{"rendered":"<p>Die Datenschutz-Grundverordnung kurz \u201eDSGVO\u201c ist eine Verordnung der Europ\u00e4ischen Union mit der die Regeln zur Verarbeitung Personen bezogener Daten durch die meisten Datennutzer, sowohl privat als auch \u00f6ffentlich EU-weit vereinheitlicht werden soll. Dadurch soll der Schutz der personenbezogenen Daten, sowie der freie Datenverkehr in der EU gew\u00e4hrleistet werden. Diese Regelung betrifft den privaten Sektor, aber [&hellip;]<\/p>\n","protected":false},"author":1,"featured_media":0,"parent":1697,"menu_order":7,"comment_status":"closed","ping_status":"closed","template":"","meta":{"footnotes":""},"class_list":["post-1771","page","type-page","status-publish","hentry"],"_links":{"self":[{"href":"https:\/\/test.motz.de\/wp4\/wp-json\/wp\/v2\/pages\/1771","targetHints":{"allow":["GET"]}}],"collection":[{"href":"https:\/\/test.motz.de\/wp4\/wp-json\/wp\/v2\/pages"}],"about":[{"href":"https:\/\/test.motz.de\/wp4\/wp-json\/wp\/v2\/types\/page"}],"author":[{"embeddable":true,"href":"https:\/\/test.motz.de\/wp4\/wp-json\/wp\/v2\/users\/1"}],"replies":[{"embeddable":true,"href":"https:\/\/test.motz.de\/wp4\/wp-json\/wp\/v2\/comments?post=1771"}],"version-history":[{"count":2,"href":"https:\/\/test.motz.de\/wp4\/wp-json\/wp\/v2\/pages\/1771\/revisions"}],"predecessor-version":[{"id":1844,"href":"https:\/\/test.motz.de\/wp4\/wp-json\/wp\/v2\/pages\/1771\/revisions\/1844"}],"up":[{"embeddable":true,"href":"https:\/\/test.motz.de\/wp4\/wp-json\/wp\/v2\/pages\/1697"}],"wp:attachment":[{"href":"https:\/\/test.motz.de\/wp4\/wp-json\/wp\/v2\/media?parent=1771"}],"curies":[{"name":"wp","href":"https:\/\/api.w.org\/{rel}","templated":true}]}}

<p>Die Datenschutz-Grundverordnung kurz „DSGVO“ ist eine Verordnung der Europäischen Union mit der die Regeln zur Verarbeitung Personen bezogener Daten durch die meisten Datennutzer, sowohl privat als auch öffentlich EU-weit vereinheitlicht werden soll. Dadurch soll der Schutz der personenbezogenen Daten, sowie der freie Datenverkehr in der EU gewährleistet werden. Diese Regelung betrifft den privaten Sektor, aber überwiegend die Behörden und Betriebe.</p>
<p>Wir bieten Ihnen mit unserem geschulten Personal den Grundstein für den gesetztestreuen Umgang mit personenbezogenen Daten. Wir beraten Sie und planen mit Ihnen zusammen ein Konzept, welches Sie in Ihrem Unternehmen integrieren und somit DSGVO-konforme Datenverarbeitung betreiben können.</p>
<p>Hierfür bieten wir Ihnen den umfassenden Service und unterstützen Sie jederzeit bei Fragen und Problemen.</p>

<p>Die Datenschutz-Grundverordnung kurz „DSGVO“ ist eine Verordnung der Europäischen Union mit der die Regeln zur Verarbeitung Personen bezogener Daten durch die meisten Datennutzer, sowohl privat als auch öffentlich EU-weit vereinheitlicht werden soll. Dadurch soll der Schutz der personenbezogenen Daten, sowie der freie Datenverkehr in der EU gewährleistet werden. Diese Regelung betrifft den privaten Sektor, aber [&hellip;]</p>
